emainder when 31553 is divided by 4.
1
What is the remainder when 218588 is divided by 49?
48
What is the remainder when 161 is divided by 9?
8
Calculate the remainder when 494642 is divided by 9160.
2
What is the remainder when 13569 is divided by 4452?
213
Calculate the remainder when 17903 is divided by 4257.
875
What is the remainder when 24361 is divided by 12?
1
Calculate the remainder when 7436 is divided by 7422.
14
Calculate the remainder when 1275 is divided by 43.
28
Calculate the remainder when 1153 is divided by 1105.
48
What is the remainder when 6145 is divided by 1590?
1375
Calculate the remainder when 5978 is divided by 1984.
26
Calculate the remainder when 6808 is divided by 49.
46
Calculate the remainder when 128642 is divided by 23.
3
What is the remainder when 8743335 is divided by 2914441?
12
Calculate the remainder when 10258 is divided by 548.
394
What is the remainder when 363937 is divided by 121308?
13
What is the remainder when 487252 is divided by 95?
92
Calculate the remainder when 363608 is divided by 121191.
35
Calculate the remainder when 12916 is divided by 193.
178
What is the remainder when 4622 is divided by 513?
5
Calculate the remainder when 4089479 is divided by 265.
264
Calculate the remainder when 26616 is divided by 5282.
206
What is the remainder when 2509 is divided by 283?
245
Calculate the remainder when 8071 is divided by 72.
7
What is the remainder when 38924 is divided by 905?
9
Calculate the remainder when 772 is divided by 596.
176
Calculate the remainder when 26032 is divided by 983.
474
What is the remainder when 281547 is divided by 31282?
9
Calculate the remainder when 2615 is divided by 440.
415
What is the remainder when 459407 is divided by 86?
81
What is the remainder when 19192 is divided by 81?
76
What is the remainder when 1467 is divided by 434?
165
Calculate the remainder when 1131 is divided by 324.
159
Calculate the remainder when 26380 is divided by 1644.
76
Calculate the remainder when 56890 is divided by 127.
121
Calculate the remainder when 132064 is divided by 23.
21
What is the remainder when 744657 is divided by 35?
32
What is the remainder when 3642 is divided by 90?
42
What is the remainder when 6005 is divided by 5995?
10
Calculate the remainder when 4687 is divided by 224.
207
What is the remainder when 331702 is divided by 89?
88
What is the remainder when 45251 is divided by 13?
11
What is the remainder when 72872 is divided by 597?
38
What is the remainder when 19940 is divided by 1172?
16
What is the remainder when 10043 is divided by 436?
15
Calculate the remainder when 5369 is divided by 988.
429
Calculate the remainder when 3383 is divided by 182.
107
What is the remainder when 59206 is divided by 11838?
16
What is the remainder when 108508 is divided by 46?
40
Calculate the remainder when 3357 is divided by 184.
45
What is the remainder when 2253 is divided by 37?
33
Calculate the remainder when 35091 is divided by 3190.
1
What is the remainder when 1152704 is divided by 133?
126
Calculate the remainder when 3417 is divided by 62.
7
What is the remainder when 818 is divided by 93?
74
What is the remainder when 8453 is divided by 529?
518
Calculate the remainder when 187382 is divided by 3674.
8
Calculate the remainder when 13664 is divided by 259.
196
What is the remainder when 968306 is divided by 22?
20
Calculate the remainder when 30500 is divided by 9862.
914
What is the remainder when 4680 is divided by 223?
220
What is the remainder when 624299 is divided by 6436?
7
Calculate the remainder when 24414 is divided by 718.
2
What is the remainder when 4892 is divided by 1139?
336
What is the remainder when 1141 is divided by 59?
20
What is the remainder when 37480 is divided by 9370?
0
What is the remainder when 19265 is divided by 19?
18
What is the remainder when 771 is divided by 251?
18
What is the remainder when 44793 is divided by 875?
168
What is the remainder when 6335 is divided by 2964?
407
What is the remainder when 520176 is divided by 21?
6
Calculate the remainder when 588453 is divided by 12.
9
What is the remainder when 98063 is divided by 16?
15
Calculate the remainder when 7513 is divided by 1739.
557
Calculate the remainder when 442334 is divided by 442334.
0
What is the remainder when 64247 is divided by 27?
14
What is the remainder when 184210 is divided by 200?
10
What is the remainder when 3294 is divided by 66?
60
What is the remainder when 826870 is divided by 241?
240
What is the remainder when 2404 is divided by 1185?
34
What is the remainder when 200276 is divided by 83?
80
What is the remainder when 29108 is divided by 205?
203
What is the remainder when 10001 is divided by 185?
11
What is the remainder when 577004 is divided by 288501?
2
What is the remainder when 25597 is divided by 5110?
47
Calculate the remainder when 10901 is divided by 14.
9
Calculate the remainder when 13771 is divided by 1963.
30
What is the remainder when 186324 is divided by 8?
4
Calculate the remainder when 2098 is divided by 601.
295
What is the remainder when 110542 is divided by 98?
96
What is the remainder when 33571 is divided by 411?
280
Calculate the remainder when 13605 is divided by 126.
123
Calculate the remainder when 4498 is divided by 2237.
24
What is the remainder when 76166 is divided by 273?
272
Calculate the remainder when 4969 is divided by 285.
124
What is the remainder when 49610 is divided by 94?
72
Calculate the remainder when 30987 is divided by 1821.
30
Calculate the remainder when 68000 is divided by 5666.
8
Calculate the remainder when 27510 is divided by 52.
2
Calculate the remainder when 13667 is divided by 87.
8
Calculate the remainder when 23709 is divided by 11849.
11
What is the remainder when 1307 is divided by 322?
19
What is the remainder when 151 is divided by 34?
15
Calculate the remainder when 7577 is divided by 149.
127
Calculate the remainder when 3090 is divided by 282.
270
Calculate the remainder when 978354 is divided by 35.
34
Calculate the remainder when 17633 is divided by 2519.
0
What is the remainder when 742 is divided by 77?
49
Calculate the remainder when 397465 is divided by 77.
68
What is the remainder when 41339 is divided by 116?
43
Calculate the remainder when 22777 is divided by 1896.
25
What is the remainder when 17657 is divided by 20?
17
Calculate the remainder when 1795 is divided by 447.
7
Calculate the remainder when 24274 is divided by 837.
1
Calculate the remainder when 34659 is divided by 11.
9
Calculate the remainder when 3928623 is divided by 927.
924
What is the remainder when 17982 is divided by 17963?
19
What is the remainder when 41258 is divided by 284?
78
What is the remainder when 1499 is divided by 224?
155
Calculate the remainder when 56159 is divided by 72.
71
Calculate the remainder when 6599 is divided by 1293.
134
Calculate the remainder when 281612 is divided by 31.
8
Calculate the remainder when 3883 is divided by 352.
11
Calculate the remainder when 1315 is divided by 17.
6
Calculate the remainder when 49647 is divided by 870.
57
Calculate the remainder when 2829 is divided by 771.
516
What is the remainder when 6393 is divided by 237?
231
Calculate the remainder when 4524 is divided by 94.
12
Calculate the remainder when 5133 is divided by 16.
13
What is the remainder when 315 is divided by 81?
72
Calculate the remainder when 405005 is divided by 11.
7
What is the remainder when 134787 is divided by 166?
161
What is the remainder when 723958 is divided by 964?
958
Calculate the remainder when 26917 is divided by 26912.
5
What is the remainder when 9220 is divided by 123?
118
Calculate the remainder when 21589 is divided by 1026.
43
What is the remainder when 27192 is divided by 521?
100
What is the remainder when 33353 is divided by 1149?
32
What is the remainder when 68829 is divided by 32?
29
What is the remainder when 899347 is divided by 966?
1
Calculate the remainder when 3726 is divided by 1863.
0
What is the remainder when 7516 is divided by 109?
104
Calculate the remainder when 183747 is divided by 2088.
3
What is the remainder when 13997 is divided by 2565?
1172
What is the remainder when 342312 is divided by 68462?
2
Calculate the remainder when 9263 is 